 1155927942?
2, 3, 13, 179, 9199
What are the prime factors of 29863710?
2, 3, 5, 331819
What are the prime factors of 16182402?
2, 3, 17, 59, 2689
What are the prime factors of 1142701950?
2, 3, 5, 13, 45077
What are the prime factors of 1384787190?
2, 3, 5, 17, 2715269
List the prime factors of 516071306.
2, 89, 2899277
List the prime factors of 129701152.
2, 7, 579023
List the prime factors of 498573107.
498573107
What are the prime factors of 511097845?
5, 103, 181, 5483
What are the prime factors of 778822489?
778822489
List the prime factors of 152651051.
7, 139, 156887
List the prime factors of 13150645.
5, 2630129
What are the prime factors of 357388716?
2, 3, 113, 263561
List the prime factors of 27977907.
3, 43, 73, 2971
What are the prime factors of 57509957?
167, 344371
List the prime factors of 752401409.
53, 14196253
What are the prime factors of 4033609415?
5, 11, 823, 8101
List the prime factors of 27258815.
5, 5451763
List the prime factors of 246515174.
2, 1109, 111143
List the prime factors of 43765094.
2, 19, 1151713
List the prime factors of 2938948339.
2938948339
List the prime factors of 233583548.
2, 11, 5308717
What are the prime factors of 5603708924?
2, 11, 31, 131, 2851
List the prime factors of 4126345731.
3, 458482859
What are the prime factors of 260128028?
2, 29, 53, 1459
What are the prime factors of 45876054?
2, 3, 7, 156041
List the prime factors of 727040142.
2, 3, 71, 73, 7793
What are the prime factors of 2068309576?
2, 258538697
List the prime factors of 73371853.
6277, 11689
List the prime factors of 991346130.
2, 3, 5, 859, 12823
What are the prime factors of 438458268?
2, 3, 1493, 24473
What are the prime factors of 176053015?
5, 53, 61, 10891
List the prime factors of 48259174.
2, 37, 61, 10691
List the prime factors of 4252045955.
5, 850409191
List the prime factors of 2539456624.
2, 47, 3376937
What are the prime factors of 304608950?
2, 5, 19, 311, 1031
List the prime factors of 186374482.
2, 7, 13312463
What are the prime factors of 929099986?
2, 464549993
List the prime factors of 70497137.
70497137
What are the prime factors of 85739694?
2, 3, 14289949
What are the prime factors of 203298?
2, 3, 31, 1093
List the prime factors of 12285046.
2, 6142523
List the prime factors of 296177755.
5, 3659, 16189
List the prime factors of 22472584.
2, 2809073
List the prime factors of 109001639.
181, 337, 1787
List the prime factors of 3278359437.
3, 1092786479
What are the prime factors of 2567366683?
7, 366766669
What are the prime factors of 61494520?
2, 5, 59, 71, 367
List the prime factors of 42164541.
3, 4684949
What are the prime factors of 69706988?
2, 13, 113, 11863
What are the prime factors of 853856862?
2, 3, 199, 715123
List the prime factors of 432914635.
5, 86582927
What are the prime factors of 1889236373?
71, 26608963
List the prime factors of 175853693.
4139, 42487
What are the prime factors of 6860643714?
2, 3, 83, 4592131
What are the prime factors of 1139643353?
23, 49549711
List the prime factors of 2672203609.
2672203609
List the prime factors of 177053296.
2, 7, 157, 10069
List the prime factors of 815890249.
47, 83, 199, 1051
List the prime factors of 16633972.
2, 487, 8539
What are the prime factors of 1247352994?
2, 367, 1699391
List the prime factors of 2013337166.
2, 17, 19, 37, 131, 643
List the prime factors of 235442844.
2, 3, 7, 13, 10267
List the prime factors of 2481827016.
2, 3, 31, 3335789
What are the prime factors of 92813605?
5, 509, 36469
What are the prime factors of 29320115?
5, 11, 48463
List the prime factors of 3603790202.
2, 41, 1039, 42299
List the prime factors of 964104152.
2, 11, 773, 14173
List the prime factors of 405762464.
2, 12680077
List the prime factors of 373694234.
2, 1297, 144061
List the prime factors of 2295386032.
2, 59, 151, 16103
List the prime factors of 3612693895.
5, 722538779
List the prime factors of 794492396.
2, 198623099
List the prime factors of 139564712.
2, 7, 2492227
What are the prime factors of 1094501333?
1609, 680237
What are the prime factors of 10189650?
2, 3, 5, 67931
List the prime factors of 407477658.
2, 3, 7, 17, 570697
What are the prime factors of 63790617?
3, 11, 1933049
What are the prime factors of 24986967?
3, 8328989
List the prime factors of 2626208.
2, 13, 59, 107
What are the prime factors of 268022123?
268022123
List the prime factors of 107252745.
3, 5, 17, 420599
List the prime factors of 1078049422.
2, 23, 29, 461, 1753
What are the prime factors of 116497917?
3, 709, 18257
What are the prime factors of 551088395?
5, 11, 13, 23, 31, 47
List the prime factors of 94719189.
3, 17, 193, 9623
What are the prime factors of 62383533?
3, 20794511
List the prime factors of 30194735.
5, 6038947
List the prime factors of 1421948420.
2, 5, 1427, 49823
What are the prime factors of 43734913?
43, 307, 3313
What are the prime factors of 21911265?
3, 5, 31, 113, 139
What are the prime factors of 1273951524?
2, 3, 431, 246317
What are the prime factors of 63260522?
2, 13, 31, 78487
What are the prime factors of 504627610?
2, 5, 31, 1627831
What are the prime factors of 405412198?
2, 202706099
List the prime factors of 63949623.
3, 173, 123217
What are the prime factors of 151945591?
7, 59, 233, 1579
List the prime factors of 3005779273.
7, 151, 2843689
What are the prime factors of 398128847?
398128847
List the prime factors of 220895203.
467, 473009
List the prime factors of 210393946.
2, 7, 461, 4657
List the prime factors of 4442863369.
7, 8941, 10141
What are the prime factors of 2334167?
11, 443, 479
What are the prime factors of 4191199014?
2, 3, 698533169
What are the prime factors of 3200693975?
5, 239, 491, 1091
What are the prime factors of 583678147?
13, 149, 301331
List the prime factors of 95952151.
9127, 10513
List the prime factors of 715374696.
2, 3, 29807279
List the prime factors of 141424671.
3, 47141557
List the prime factors of 3896608130.
2, 5, 331, 1177223
What are the prime factors of 51073919?
13, 19, 10883
What are the prime factors of 51053919?
3, 7, 2431139
List the prime factors of 52272310.
2, 5, 53, 98627
List the prime factors of 254126629.
59, 4307231
List the prime factors of 1221517596.
2, 3, 13, 181, 43261
What are the prime factors of 966680979?
3, 11, 17, 43, 3643
List the prime factors of 1703474437.
7, 41, 229, 25919
List the prime factors of 18802119.
3, 7, 17, 52667
List the prime factors of 97231915.
5, 11, 439, 4027
What are the prime factors of 113307546?
2, 3, 11, 156071
List the prime factors of 417252772.
2, 104313193
What are the prime factors of 342104031?
3, 397, 95747
What are the prime factors of 2857812192?
2, 3, 19, 23, 29
List the prime factors of 818470333.
5197, 157489
What are the prime factors of 320006488?
2, 37, 61, 479
What are the prime factors of 220164978?
2, 3, 11, 3335833
List the prime factors of 35970850.
2, 5, 23, 31, 1009
What are the prime factors of 63456703?
991, 64033
What are the prime factors of 1817124194?
2, 908562097
What are the prime factors of 39522804?
2, 3, 107, 30781
What are the prime factors of 224512224?
2, 3, 71, 32939
What are the prime factors of 23667538?
2, 29, 389, 1049
What are the prime factors of 3782833786?
2, 42457, 44549
What are the prime factors of 4435850765?
5, 61, 14543773
What are the prime factors of 132538456?
2, 16567307
What are the prime factors of 171093751?
171093751
What are the prime factors of 1027556412?
2, 3, 85629701
List the prime factors of 929877749.
2549, 364801
What are the prime factors of 85241423?
157, 542939
List the prime factors of 272908552.
2, 7, 19, 256493
What are the prime factors of 285607429?
17, 61, 953
What are the prime factors of 58597226?
2, 29, 1010297
What are the prime factors of 1399729870?
2, 5, 7, 11, 113, 16087
List the prime factors of 77282310.
2, 3, 5, 7, 19, 2767
List the prime factors of 83492934.
2, 3, 7, 197, 10091
List the prime factors of 2560771044.
2, 3, 13, 1823911
What are the prime factors of 89256807?
3, 47, 79, 2671
What are the prime factors of 374365999?
7, 53480857
List the prime factors of 302158178.
2, 7, 19, 31, 36643
List the prime factors of 240126863.
240126863
What are the prime factors of 145409613?
3, 48469871
List the prime factors of 75916